{"id":168,"date":"2018-02-18T21:34:01","date_gmt":"2018-02-18T21:34:01","guid":{"rendered":"http:\/\/hgv.mohlsdorf.de\/?page_id=168"},"modified":"2026-03-23T19:43:30","modified_gmt":"2026-03-23T19:43:30","slug":"startseite","status":"publish","type":"page","link":"https:\/\/hgv.mohlsdorf.de\/","title":{"rendered":"Heimat- und Geschichtsverein Mohlsdorf"},"content":{"rendered":"<p style=\"text-align: center;\"><div id=\"metaslider-id-1014\" style=\"width: 100%;\" class=\"ml-slider-3-100-1 metaslider metaslider-flex metaslider-1014 ml-slider ml-slider-lightbox-2-0-0 lightbox-disabled ms-theme-default-base nav-hidden has-dots-nav has-filmstrip-nav\" role=\"region\" aria-label=\"New Slideshow\" data-height=\"300\" data-width=\"700\">\n    <div id=\"metaslider_container_1014\">\n        <div id=\"metaslider_1014\">\n            <ul aria-live='off' class='slides'>\n                <li style=\"display: block; width: 100%;\" class=\"slide-1015 ms-image \" aria-roledescription=\"slide\" data-date=\"2026-03-23 19:41:41\"><img loading=\"lazy\" decoding=\"async\" width=\"1778\" height=\"1188\" src=\"https:\/\/hgv.mohlsdorf.de\/wp-content\/uploads\/2026\/03\/pk-moteido-01-2-1.jpg\" class=\"slider-1014 slide-1015 msDefaultImage\" alt=\"\" rel=\"\" title=\"pk-moteido-01-2-1\" style=\"margin: 0 auto; width: 64.141414141414%\" \/><\/li>\n                <li style=\"display: none; width: 100%;\" class=\"slide-1016 ms-image \" aria-roledescription=\"slide\" data-date=\"2026-03-23 19:41:41\"><img loading=\"lazy\" decoding=\"async\" width=\"1772\" height=\"1182\" src=\"https:\/\/hgv.mohlsdorf.de\/wp-content\/uploads\/2026\/03\/pk-moteido-02-2-1.jpg\" class=\"slider-1014 slide-1016 msDefaultImage\" alt=\"\" rel=\"\" title=\"pk-moteido-02-2-1\" style=\"margin: 0 auto; width: 64.249456127629%\" \/><\/li>\n                <li style=\"display: none; width: 100%;\" class=\"slide-1017 ms-image \" aria-roledescription=\"slide\" data-date=\"2026-03-23 19:41:41\"><img loading=\"lazy\" decoding=\"async\" width=\"1772\" height=\"1182\" src=\"https:\/\/hgv.mohlsdorf.de\/wp-content\/uploads\/2026\/03\/pk-moteido-03-2-1.jpg\" class=\"slider-1014 slide-1017 msDefaultImage\" alt=\"\" rel=\"\" title=\"pk-moteido-03-2-1\" style=\"margin: 0 auto; width: 64.249456127629%\" \/><\/li>\n                <li style=\"display: none; width: 100%;\" class=\"slide-1018 ms-image \" aria-roledescription=\"slide\" data-date=\"2026-03-23 19:41:41\"><img loading=\"lazy\" decoding=\"async\" width=\"1772\" height=\"1182\" src=\"https:\/\/hgv.mohlsdorf.de\/wp-content\/uploads\/2026\/03\/pk-moteido-04-2-1.jpg\" class=\"slider-1014 slide-1018 msDefaultImage\" alt=\"\" rel=\"\" title=\"pk-moteido-04-2-1\" style=\"margin: 0 auto; width: 64.249456127629%\" \/><\/li>\n                <li style=\"display: none; width: 100%;\" class=\"slide-1019 ms-image \" aria-roledescription=\"slide\" data-date=\"2026-03-23 19:41:42\"><img loading=\"lazy\" decoding=\"async\" width=\"1772\" height=\"1182\" src=\"https:\/\/hgv.mohlsdorf.de\/wp-content\/uploads\/2026\/03\/pk-moteido-05-2-1.jpg\" class=\"slider-1014 slide-1019 msDefaultImage\" alt=\"\" rel=\"\" title=\"pk-moteido-05-2-1\" style=\"margin: 0 auto; width: 64.249456127629%\" \/><\/li>\n                <li style=\"display: none; width: 100%;\" class=\"slide-1020 ms-image \" aria-roledescription=\"slide\" data-date=\"2026-03-23 19:41:42\"><img loading=\"lazy\" decoding=\"async\" width=\"1772\" height=\"1182\" src=\"https:\/\/hgv.mohlsdorf.de\/wp-content\/uploads\/2026\/03\/pk-moteido-06-2-1.jpg\" class=\"slider-1014 slide-1020 msDefaultImage\" alt=\"\" rel=\"\" title=\"pk-moteido-06-2-1\" style=\"margin: 0 auto; width: 64.249456127629%\" \/><\/li>\n                <li style=\"display: none; width: 100%;\" class=\"slide-1021 ms-image \" aria-roledescription=\"slide\" data-date=\"2026-03-23 19:41:42\"><img loading=\"lazy\" decoding=\"async\" width=\"1772\" height=\"1182\" src=\"https:\/\/hgv.mohlsdorf.de\/wp-content\/uploads\/2026\/03\/pk-moteido-07-2-1.jpg\" class=\"slider-1014 slide-1021 msDefaultImage\" alt=\"\" rel=\"\" title=\"pk-moteido-07-2-1\" style=\"margin: 0 auto; width: 64.249456127629%\" \/><\/li>\n                <li style=\"display: none; width: 100%;\" class=\"slide-1022 ms-image \" aria-roledescription=\"slide\" data-date=\"2026-03-23 19:41:42\"><img loading=\"lazy\" decoding=\"async\" width=\"1772\" height=\"1182\" src=\"https:\/\/hgv.mohlsdorf.de\/wp-content\/uploads\/2026\/03\/pk-moteido-08-2-1.jpg\" class=\"slider-1014 slide-1022 msDefaultImage\" alt=\"\" rel=\"\" title=\"pk-moteido-08-2-1\" style=\"margin: 0 auto; width: 64.249456127629%\" \/><\/li>\n                <li style=\"display: none; width: 100%;\" class=\"slide-1023 ms-image \" aria-roledescription=\"slide\" data-date=\"2026-03-23 19:41:42\"><img loading=\"lazy\" decoding=\"async\" width=\"1772\" height=\"1182\" src=\"https:\/\/hgv.mohlsdorf.de\/wp-content\/uploads\/2026\/03\/pk-moteido-09-2-1.jpg\" class=\"slider-1014 slide-1023 msDefaultImage\" alt=\"\" rel=\"\" title=\"pk-moteido-09-2-1\" style=\"margin: 0 auto; width: 64.249456127629%\" \/><\/li>\n                <li style=\"display: none; width: 100%;\" class=\"slide-1024 ms-image \" aria-roledescription=\"slide\" data-date=\"2026-03-23 19:41:42\"><img loading=\"lazy\" decoding=\"async\" width=\"1772\" height=\"1182\" src=\"https:\/\/hgv.mohlsdorf.de\/wp-content\/uploads\/2026\/03\/pk-moteido-10-2-1.jpg\" class=\"slider-1014 slide-1024 msDefaultImage\" alt=\"\" rel=\"\" title=\"pk-moteido-10-2-1\" style=\"margin: 0 auto; width: 64.249456127629%\" \/><\/li>\n                <li style=\"display: none; width: 100%;\" class=\"slide-1025 ms-image \" aria-roledescription=\"slide\" data-date=\"2026-03-23 19:41:42\"><img loading=\"lazy\" decoding=\"async\" width=\"1772\" height=\"1182\" src=\"https:\/\/hgv.mohlsdorf.de\/wp-content\/uploads\/2026\/03\/pk-moteido-11-2-1.jpg\" class=\"slider-1014 slide-1025 msDefaultImage\" alt=\"\" rel=\"\" title=\"pk-moteido-11-2-1\" style=\"margin: 0 auto; width: 64.249456127629%\" \/><\/li>\n                <li style=\"display: none; width: 100%;\" class=\"slide-1026 ms-image \" aria-roledescription=\"slide\" data-date=\"2026-03-23 19:41:42\"><img loading=\"lazy\" decoding=\"async\" width=\"1772\" height=\"1182\" src=\"https:\/\/hgv.mohlsdorf.de\/wp-content\/uploads\/2026\/03\/pk-moteido-12-1-1.jpg\" class=\"slider-1014 slide-1026 msDefaultImage\" alt=\"\" rel=\"\" title=\"pk-moteido-12-1-1\" style=\"margin: 0 auto; width: 64.249456127629%\" \/><\/li>\n            <\/ul>\n        <\/div>\n        \n    <\/div>\n<\/div><\/p>\n<p><b>In eigener Sache <\/b><\/p>\n<p>Liebe Besucher der Mohlsdorfer Internetpr\u00e4sens vom Heimat- und Geschichtsverein Mohlsdorf<\/p>\n<p><strong>Unser gesamtes Archiv unserer geschichtlichen Ver\u00f6ffentlichungen sind ab sofort nur noch in der Vereinsbibliotek einzusehen. Durch Datenschutzrichtlinien und Urheberrechten ist die Bereitstellung auf unserer Webseite nicht mehr m\u00f6glich.<\/strong><\/p>\n<p align=\"justify\">Seit 2000 versuchten wir alles Interessante und Wissenswerte von uns \u00fcber Mohlsdorf zu berichten.<br \/>\nSie finden eine kurze Beschreibung der einzelnen Orte der neuen Landgemeinde Mohlsdorf-Teichwolframsdorf mit einer Karte, aktuelle Ereignisse und einen geschichtlicher Teil der ehemaligen Gemeinde Mohlsdorf.<\/p>\n<p>Bedanken m\u00f6chten wir uns bei allen Sponsoren und Freunden die unsere Arbeit erm\u00f6glichen, damit ein gro\u00dfer Teil kostenfrei von uns angeboten werden kann.<\/p>\n","protected":false},"excerpt":{"rendered":"<p>In eigener Sache Liebe Besucher der Mohlsdorfer Internetpr\u00e4sens vom Heimat- und Geschichtsverein Mohlsdorf Unser gesamtes Archiv unserer geschichtlichen Ver\u00f6ffentlichungen sind ab sofort nur noch in der Vereinsbibliotek einzusehen. Durch Datenschutzrichtlinien und Urheberrechten ist die Bereitstellung auf unserer Webseite nicht mehr m\u00f6glich. Seit 2000 versuchten wir alles Interessante und Wissenswerte von uns \u00fcber Mohlsdorf zu berichten. [&hellip;]<\/p>\n","protected":false},"author":1,"featured_media":0,"parent":0,"menu_order":0,"comment_status":"closed","ping_status":"closed","template":"","meta":{"footnotes":""},"class_list":["post-168","page","type-page","status-publish","hentry"],"_links":{"self":[{"href":"https:\/\/hgv.mohlsdorf.de\/index.php?rest_route=\/wp\/v2\/pages\/168","targetHints":{"allow":["GET"]}}],"collection":[{"href":"https:\/\/hgv.mohlsdorf.de\/index.php?rest_route=\/wp\/v2\/pages"}],"about":[{"href":"https:\/\/hgv.mohlsdorf.de\/index.php?rest_route=\/wp\/v2\/types\/page"}],"author":[{"embeddable":true,"href":"https:\/\/hgv.mohlsdorf.de\/index.php?rest_route=\/wp\/v2\/users\/1"}],"replies":[{"embeddable":true,"href":"https:\/\/hgv.mohlsdorf.de\/index.php?rest_route=%2Fwp%2Fv2%2Fcomments&post=168"}],"version-history":[{"count":10,"href":"https:\/\/hgv.mohlsdorf.de\/index.php?rest_route=\/wp\/v2\/pages\/168\/revisions"}],"predecessor-version":[{"id":1027,"href":"https:\/\/hgv.mohlsdorf.de\/index.php?rest_route=\/wp\/v2\/pages\/168\/revisions\/1027"}],"wp:attachment":[{"href":"https:\/\/hgv.mohlsdorf.de\/index.php?rest_route=%2Fwp%2Fv2%2Fmedia&parent=168"}],"curies":[{"name":"wp","href":"https:\/\/api.w.org\/{rel}","templated":true}]}}