{"id":1033,"date":"2026-04-23T05:33:10","date_gmt":"2026-04-23T05:33:10","guid":{"rendered":"https:\/\/hgv.mohlsdorf.de\/?page_id=1033"},"modified":"2026-04-23T07:49:10","modified_gmt":"2026-04-23T07:49:10","slug":"medien","status":"publish","type":"page","link":"https:\/\/hgv.mohlsdorf.de\/?page_id=1033","title":{"rendered":"Medien"},"content":{"rendered":"<p>Medien<\/p>\n<p>Hier finden sie von den Kirchen der Gemeinde das Glockenleuten und den Klang der Orgel.<br \/>\nDie Seite ist noch im Aufbau und wir schritweise erg\u00e4nzt.<\/p>\n<table border=\"1\" width=\"100%\" cellspacing=\"2\" cellpadding=\"0\">\n<tbody>\n<tr>\n<td colspan=\"3\"><\/td>\n<\/tr>\n<tr>\n<td><\/td>\n<td valign=\"top\">Mohlsdorf &#8211; Evang-Lutherische Kirche Herrmansgr\u00fcn zu Mohlsdorf<\/td>\n<td>\n<audio class=\"wp-audio-shortcode\" id=\"audio-1033-1\" preload=\"none\" style=\"width: 100%;\" controls=\"controls\"><source type=\"audio\/mpeg\" src=\"https:\/\/hgv.mohlsdorf.de\/wp-content\/uploads\/03-medien\/01-mo-gocken-abend.mp3?_=1\" \/><a href=\"https:\/\/hgv.mohlsdorf.de\/wp-content\/uploads\/03-medien\/01-mo-gocken-abend.mp3\">https:\/\/hgv.mohlsdorf.de\/wp-content\/uploads\/03-medien\/01-mo-gocken-abend.mp3<\/a><\/audio><\/p>\n<p>[Glocken]Orgel<\/td>\n<\/tr>\n<tr>\n<td><\/td>\n<td>Gottesgr\u00fcn<\/td>\n<td><\/td>\n<\/tr>\n<tr>\n<td><\/td>\n<td>Teichwolframsdorf<\/td>\n<td><\/td>\n<\/tr>\n<tr>\n<td><img decoding=\"async\" src=\"https:\/\/hgv.mohlsdorf.de\/wp-content\/uploads\/03-medien\/.jpg\" alt=\"\" width=\"100\" height=\"\" align=\"\" border=\"1\"  \/>\n<\/td>\n<td>Waltersdorf<\/td>\n<td><\/td>\n<\/tr>\n<tr>\n<td valign=\"top\"><img decoding=\"async\" src=\"https:\/\/hgv.mohlsdorf.de\/wp-content\/uploads\/03-medien\/05-waltersdorf-emk.jpg\" alt=\"\" width=\"150\" height=\"\" align=\"\" border=\"1\"  \/><\/td>\n<td valign=\"top\">Waltersdorf<br \/>\nMethodistische Kirche<\/td>\n<td valign=\"top\">Glocken<br \/>\n<audio class=\"wp-audio-shortcode\" id=\"audio-1033-2\" preload=\"none\" style=\"width: 100%;\" controls=\"controls\"><source type=\"audio\/mpeg\" src=\"https:\/\/hgv.mohlsdorf.de\/wp-content\/uploads\/03-medien\/05-wd-emk-glocken.mp3?_=2\" \/><a href=\"https:\/\/hgv.mohlsdorf.de\/wp-content\/uploads\/03-medien\/05-wd-emk-glocken.mp3\">https:\/\/hgv.mohlsdorf.de\/wp-content\/uploads\/03-medien\/05-wd-emk-glocken.mp3<\/a><\/audio><br \/>\nOrgel<br \/>\n<audio class=\"wp-audio-shortcode\" id=\"audio-1033-3\" preload=\"none\" style=\"width: 100%;\" controls=\"controls\"><source type=\"audio\/mpeg\" src=\"\" \/><a href=\"\"><\/a><\/audio>\n<\/td>\n<\/tr>\n<tr>\n<td><\/td>\n<td>Gro\u00dfkundorf<\/td>\n<td><\/td>\n<\/tr>\n<tr>\n<td><\/td>\n<td>Sorgesettendorf<\/td>\n<td><\/td>\n<\/tr>\n<\/tbody>\n<\/table>\n","protected":false},"excerpt":{"rendered":"<p>Medien Hier finden sie von den Kirchen der Gemeinde das Glockenleuten und den Klang der Orgel. Die Seite ist noch im Aufbau und wir schritweise erg\u00e4nzt. Mohlsdorf &#8211; Evang-Lutherische Kirche Herrmansgr\u00fcn zu Mohlsdorf [Glocken]Orgel Gottesgr\u00fcn Teichwolframsdorf Waltersdorf Waltersdorf Methodistische Kirche Glocken Orgel Gro\u00dfkundorf Sorgesettendorf<\/p>\n","protected":false},"author":1,"featured_media":0,"parent":0,"menu_order":0,"comment_status":"closed","ping_status":"closed","template":"","meta":{"footnotes":""},"class_list":["post-1033","page","type-page","status-publish","hentry"],"_links":{"self":[{"href":"https:\/\/hgv.mohlsdorf.de\/index.php?rest_route=\/wp\/v2\/pages\/1033","targetHints":{"allow":["GET"]}}],"collection":[{"href":"https:\/\/hgv.mohlsdorf.de\/index.php?rest_route=\/wp\/v2\/pages"}],"about":[{"href":"https:\/\/hgv.mohlsdorf.de\/index.php?rest_route=\/wp\/v2\/types\/page"}],"author":[{"embeddable":true,"href":"https:\/\/hgv.mohlsdorf.de\/index.php?rest_route=\/wp\/v2\/users\/1"}],"replies":[{"embeddable":true,"href":"https:\/\/hgv.mohlsdorf.de\/index.php?rest_route=%2Fwp%2Fv2%2Fcomments&post=1033"}],"version-history":[{"count":13,"href":"https:\/\/hgv.mohlsdorf.de\/index.php?rest_route=\/wp\/v2\/pages\/1033\/revisions"}],"predecessor-version":[{"id":1048,"href":"https:\/\/hgv.mohlsdorf.de\/index.php?rest_route=\/wp\/v2\/pages\/1033\/revisions\/1048"}],"wp:attachment":[{"href":"https:\/\/hgv.mohlsdorf.de\/index.php?rest_route=%2Fwp%2Fv2%2Fmedia&parent=1033"}],"curies":[{"name":"wp","href":"https:\/\/api.w.org\/{rel}","templated":true}]}}